ivisor of y and x.
51
Suppose 1872 + 6456 - 237 = 29*x. What is the greatest common factor of 217 and x?
31
Let m = -11476 + 14184. What is the greatest common factor of m and 4?
4
Let n = -3712 - -4153. Let a = -2 - -51. What is the greatest common divisor of n and a?
49
Let s(p) = -7*p + 37. Let a(b) = b**3 - b**2 - b + 5. Let y be a(0). Let z be s(y). Calculate the highest common factor of z and 3.
1
Suppose -4*p = 10*p + 9*p - 2898. Calculate the greatest common factor of 990 and p.
18
Suppose 0 = 4*n + 5*v - 9*v - 36, 4*n = 3*v + 37. Suppose -n*o = -394 - 46. What is the greatest common divisor of o and 44?
44
Let b = -862 - -4663. Calculate the greatest common divisor of b and 21.
21
Let l = 19327 - 19135. What is the greatest common divisor of 24 and l?
24
Suppose -851 = -a + 4*y, 13*y = -3*a + 9*y + 2617. Let g = -721 + a. What is the highest common divisor of g and 2?
2
Let d = -22296 - -22606. Let g = 86 + 100. What is the highest common factor of g and d?
62
Let r be (6/(-12))/((-4)/320). Suppose 4*x - r = 4*a, -7*a + 2*a = -2*x + 26. Let p be 8/(-12) + 38/3. What is the highest common divisor of p and x?
4
Suppose 5*d - 4*a = 120, -3*a - 30 = -2*d - 5*a. Let q be 2/(-4) + 11 + (-90)/d. Calculate the highest common divisor of q and 2.
2
Let d(b) = 0 + 33 - 30 - 13*b + 33. Let i be d(-4). Calculate the highest common divisor of i and 12.
4
Suppose 58 = 13*y - 11*y. Suppose -4*g + 23*g - 38 = 0. Suppose -12*k = g*p - 14*k - 56, 0 = -p + 3*k + 26. What is the greatest common factor of p and y?
29
Let z(j) = -j**3 - 7*j**2 - j - 9. Suppose 6 = 3*k + 27. Let x be z(k). Let b be ((-63)/x)/((-13)/(-52)). Calculate the highest common divisor of b and 14.
14
Suppose 113*y - 118*y = -5. Let c be -29*(114/(-12))/(y/2). What is the highest common factor of 29 and c?
29
Let c be 9/21*7 - 9*-1. Let z(o) = 4*o**2 + 2*o - 2. Suppose -2*m = -3*m, 2*m + 2 = r. Let f be z(r). Calculate the highest common factor of f and c.
6
Let l(o) = o**3 + 8*o**2 - 7. Let g be l(-4). Calculate the highest common factor of g and 931.
19
Let u be 228 + (-11 - -7) + 2. Suppose 236 + u = 6*i. Calculate the highest common factor of i and 616.
77
Let b(z) = 278*z**2 - z. Let v be b(-1). Let s(f) = -165*f - 1093. Let n be s(-7). Calculate the highest common factor of n and v.
31
Let s = 2766 - 1646. Let y = -106908 - -106943. What is the highest common factor of y and s?
35
Suppose 7*y - 2*y - 7116 = -4*j, -j = 1. Calculate the greatest common factor of y and 32.
16
Suppose 378*w - 510*w + 660 = 0. Suppose -8 + 20 = -3*c - 5*p, 0 = 2*c + 2*p + 4. What is the greatest common factor of w and c?
1
Let f = -1982 + 1121. Let x = -856 - f. What is the highest common factor of 45 and x?
5
Suppose 0 = 3*q + 7*d - 68 - 8, -4*q + 88 = -4*d. Suppose -498 = -3*p + 3*a, 137 = -4*p + a + 786. What is the highest common divisor of q and p?
23
Let w = -26 + 39. Suppose -2*o = -w + 3. Suppose o*a = 7*a - 90. Calculate the greatest common factor of 30 and a.
15
Let w(k) = -k**3 + 11*k + 5. Let o be w(5). Let l = 64 + o. Let h be (36/(-8))/(l/2). Calculate the highest common factor of 72 and h.
9
Let j(z) = z - 2. Let y be j(14). Suppose y*a = 19 + 77. Let r be 297/a - 1 - (-3)/(-24). What is the highest common factor of 12 and r?
12
Suppose -4004 = -4*y - 5*g - 467, -y + 894 = -2*g. What is the greatest common divisor of y and 777?
111
Let y(b) be the second derivative of b**5/20 + 7*b**4/6 + 19*b**3/6 + 21*b**2/2 - 74*b. Let i be y(-9). What is the greatest common divisor of 51 and i?
51
Let f = -425 + 428. Suppose -4*y = -4*g - 60, y + f*g - 20 = -y. Calculate the highest common divisor of 39 and y.
13
Let g be (9*-1 + 2)*(-5 - -4). Let r be 112/3*(g/28 - -2). What is the greatest common divisor of r and 28?
28
Suppose 19*v - 12 = 7*v. Let o be v + -1 - (-12 + (19 - 9)). What is the highest common factor of 142 and o?
2
Suppose -84*s + 48*s = -55*s + 51110. Calculate the greatest common divisor of s and 10.
10
Let j be 2*(49/(-2))/(-7). Suppose -j*s = 5*s - 1440. Suppose s = 8*z - 4*z. What is the highest common factor of z and 12?
6
Suppose 213*o = 15*o + 376794. Calculate the greatest common factor of 11 and o.
11
Let j = 326 + -32. Suppose 74*c = 14495 - 5171. Calculate the highest common divisor of c and j.
42
Let x = -5 + 70. Let p = -54585 - -54598. Calculate the greatest common divisor of p and x.
13
Let d be -2 - -84 - (315 + -299). What is the highest common factor of d and 9702?
66
Suppose -5*y + 102 = y. Suppose 3*u - 1 - 5 = 0, -3*u = -n + y. Let s = 26 - n. What is the highest common divisor of 27 and s?
3
Suppose 6551*a - 6563*a = -73824. Calculate the greatest common factor of 8 and a.
8
Suppose -3*q - 3 + 9 = 0. Let p = q - -4. Let d(g) = -426*g - 846. Let y be d(-2). Calculate the greatest common factor of y and p.
6
Suppose 4*c = 4*f + 270 + 14, 2*c - 117 = -3*f. Let u = -21 + 15. Let j be (-8)/(-2) - (-3 + 7 + u). Calculate the greatest common factor of j and c.
6
Let m(l) be the second derivative of 2*l**5/5 - l**4/6 + 4*l + 9. Let u be m(2). Calculate the highest common factor of u and 448.
56
Suppose 0*l = 3*l. Suppose l = -3*j + 8*j - 20. Let i(n) = -n**3 - 11*n**2 - 6*n + 42. Let d be i(-10). What is the highest common factor of j and d?
2
Let w be 16/(-12)*3 - (2 + -2 + -7531). What is the highest common factor of w and 78?
39
Let y = 39 - 45. Let w be (4/y)/(-1*12/18). What is the greatest common divisor of 2 and w?
1
Let p(m) = 1032*m + 1788. Let f be p(10). What is the greatest common divisor of f and 12?
12
Let h = -6265 - -6286. Calculate the greatest common factor of h and 3416.
7
Let d(s) = 2*s - 1. Let c be d(2). Suppose c*i + p - 24 = 85, 5*i - 195 = -5*p. What is the highest common divisor of 5 and i?
5
Let a(c) = 3311*c**2 + 33*c + 33. Let r be a(-1). Calculate the highest common divisor of 14 and r.
7
Let q be -1 - (-9 - -1 - 2). Suppose q*u = 1232 + 6058. Calculate the highest common divisor of u and 30.
30
Let i = 2875 + -1869. Let l be (-2)/(-8) - i/(-8). Let s(p) = p**2 - 28*p + 178. Let c be s(20). What is the greatest common divisor of c and l?
18
Let u be (-243 + -2)*(-4 - -1). Suppose 0 = -10*o + u - 275. Calculate the highest common divisor of o and 23.
23
Let a(l) = -l - 4. Let j be a(-9). Suppose j*v = 3*v - 166. Let x = v - -107. What is the highest common factor of x and 216?
24
Let g(i) = 387*i - 299. Let n be g(1). Calculate the highest common divisor of 693 and n.
11
Let x = 71 + 199. Suppose -19*w + 8*w = -594. Calculate the greatest common factor of w and x.
54
Let f(y) = 2*y**3 - 112*y**2 + 5*y - 264. Let a be f(56). Calculate the highest common divisor of a and 2824.
8
Let c(x) = x**3 + 43*x**2 + 28*x + 355. Let i be c(-40). Calculate the highest common factor of i and 30.
15
Suppose 0 = -m + 2*h + 11, 4*h = -m - 1. Suppose -1 = 4*y - 13. Let n(q) = 2*q + 15. Let w be n(y). What is the highest common divisor of m and w?
7
Let y(i) = 16*i - 402. Let j be y(17). Suppose -5*h + 1258 = -0*t - t, 4*h - 998 = -2*t. Let m = j + h. Calculate the greatest common factor of m and 11.
11
Suppose 5*z - i - 79 = 0, 5*i + 14 = 2*z - 13. Suppose 0 = t - z*t + 780. Calculate the greatest common factor of t and 572.
52
Let x = 1 - -44. Let p = -315 + 514. Let d = p - 190. What is the highest common factor of x and d?
9
Let x = 587 + -351. Suppose -x - 114 = -5*z. Calculate the highest common divisor of 21 and z.
7
Let a = -3582 - -3826. Calculate the highest common factor of 13664 and a.
244
Suppose 2851 - 151 = 15*t. Calculate the greatest common divisor of 85 and t.
5
Let a be 6*1817 + -48 + 53 + -17. What is the greatest common factor of 270 and a?
90
Suppose 0 = -5*p + 2*t + 120, -3*t - 17 = -p - 4*t. Suppose -p*k + 1558 = -1676. Calculate the greatest common factor of 3 and k.
3
Let s be (-1 + 14/(-6))/((-14)/21). Suppose -s*p - 5*c = -185, -2*c - 33 = -4*p + 85. What is the highest common divisor of p and 40?
8
Let x be 2/(-6) - 80/(-6). Let b(f) be the first derivative of 3*f**2/2 - 23*f - 586. Let p be b(x). Calculate the highest common factor of 12 and p.
4
Let l be (-342)/66 - ((-2)/11 + 0). Let j be (-2)/7 + (880/(-28))/l. Let t = 12 - 6. Calculate the highest common divisor of t and j.
6
Let y(x) = -2*x**3 - 25*x**2 - 13*x + 12. Let